{"id":308,"date":"2024-05-04T16:45:56","date_gmt":"2024-05-04T19:45:56","guid":{"rendered":"https:\/\/wticifes.com.br\/2024\/?page_id=308"},"modified":"2024-05-04T16:54:57","modified_gmt":"2024-05-04T19:54:57","slug":"wticifes-sao-paulo-2024","status":"publish","type":"page","link":"https:\/\/wticifes.com.br\/2024\/wticifes-sao-paulo-2024\/","title":{"rendered":"WTICIFES | S\u00e3o Paulo 2024"},"content":{"rendered":"\n<p>O Workshop de Tecnologia de Informa\u00e7\u00e3o e Comunica\u00e7\u00e3o das Institui\u00e7\u00f5es Federais de Ensino Superior do Brasil (WTICIFES) \u00e9 um evento promovido pelo Col\u00e9gio de Gestores de Tecnologia de Comunica\u00e7\u00e3o (CGTIC) das Institui\u00e7\u00f5es Federais de Ensino Superior (IFES) e ao longo das edi\u00e7\u00f5es se consolidou na agenda dos gestores e t\u00e9cnicos de TIC dessas entidades. <\/p>\n\n\n\n<p>O WTICIFES \u00e9 um evento espec\u00edfico, direcionado aos \u00f3rg\u00e3os de TIC das IFES. Sendo assim, \u00e9 uma oportunidade imperd\u00edvel, n\u00e3o s\u00f3 para atualiza\u00e7\u00e3o sobre tend\u00eancias e novas solu\u00e7\u00f5es dispon\u00edveis no mercado, como tamb\u00e9m de interc\u00e2mbio de informa\u00e7\u00f5es e troca de experi\u00eancias por entidades parceiras, que enfrentam miss\u00f5es e realidades muito semelhantes. <\/p>\n\n\n\n<p>Em 2024, ser\u00e1 nossa 16 Edi\u00e7\u00e3o e pela primeira vez sediada em na cidade de S\u00e3o Paulo. <\/p>\n\n\n\n<p>O tema escolhido para esse ano \u00e9 &#8220;<strong>Estrat\u00e9gias de TI para a Reconstru\u00e7\u00e3o e Inclus\u00e3o nas IFES<\/strong>\u201d, cujo objetivo \u00e9 discutir as possibilidades de utiliza\u00e7\u00e3o das Tecnologias da Informa\u00e7\u00e3o e Comunica\u00e7\u00e3o (TIC) para a reconstru\u00e7\u00e3o e inclus\u00e3o das Institui\u00e7\u00f5es Federais de Ensino Superior (IFES) para que possam se adaptar \u00e0s mudan\u00e7as do mundo moderno e oferecer educa\u00e7\u00e3o de qualidade a todos os cidad\u00e3os. <\/p>\n\n\n\n<p>O evento \u00e9 uma oportunidade importante para discutir e compartilhar experi\u00eancias sobre como as TIC podem ser usadas para apoiar a reconstru\u00e7\u00e3o e a inclus\u00e3o nas IFES. <\/p>\n\n\n\n<p>O desenvolvimento e a implementa\u00e7\u00e3o de estrat\u00e9gias de TI para a reconstru\u00e7\u00e3o e a inclus\u00e3o nas IFES s\u00e3o um desafio, mas s\u00e3o essenciais para que essas institui\u00e7\u00f5es possam cumprir sua miss\u00e3o de oferecer educa\u00e7\u00e3o de qualidade a todos os cidad\u00e3os.<\/p>\n\n\n\n<p>De forma in\u00e9dita o evento ser\u00e1 realizado sob a coordena\u00e7\u00e3o das Universidades popularmente conhecida como as \u201cFederais Paulistas\u201d, os gestores de TIC das tr\u00eas universidades se uniram para o desenvolvimento desse importante evento.<\/p>\n\n\n\n<p>A coordena\u00e7\u00e3o est\u00e1 sob responsabilidade de:<\/p>\n\n\n\n<ul class=\"wp-block-list\">\n<li>Lidiane Cristina da Silva (UNIFESP)<\/li>\n\n\n\n<li>Paulo Victor Fernandes da Silva (UFABC)<\/li>\n\n\n\n<li>Erick Lazaro Melo (UFSCar)<\/li>\n<\/ul>\n\n\n\n<p>Al\u00e9m disso, participam de comit\u00ea organizador o presidente e vice-presidente do Col\u00e9gio de Gestores de TIC das IFES (Andifes), Andr\u00e9s Ign\u00e1cio Mart\u00ednez Men\u00e9ndez e Luciano Gonda.<\/p>\n","protected":false},"excerpt":{"rendered":"<p>Estrat\u00e9gias de TI para a Reconstru\u00e7\u00e3o e Inclus\u00e3o nas IFES<\/p>\n","protected":false},"author":1,"featured_media":93,"parent":0,"menu_order":0,"comment_status":"closed","ping_status":"closed","template":"","meta":{"_eb_attr":"","footnotes":""},"class_list":["post-308","page","type-page","status-publish","has-post-thumbnail","hentry"],"_links":{"self":[{"href":"https:\/\/wticifes.com.br\/2024\/wp-json\/wp\/v2\/pages\/308","targetHints":{"allow":["GET"]}}],"collection":[{"href":"https:\/\/wticifes.com.br\/2024\/wp-json\/wp\/v2\/pages"}],"about":[{"href":"https:\/\/wticifes.com.br\/2024\/wp-json\/wp\/v2\/types\/page"}],"author":[{"embeddable":true,"href":"https:\/\/wticifes.com.br\/2024\/wp-json\/wp\/v2\/users\/1"}],"replies":[{"embeddable":true,"href":"https:\/\/wticifes.com.br\/2024\/wp-json\/wp\/v2\/comments?post=308"}],"version-history":[{"count":3,"href":"https:\/\/wticifes.com.br\/2024\/wp-json\/wp\/v2\/pages\/308\/revisions"}],"predecessor-version":[{"id":313,"href":"https:\/\/wticifes.com.br\/2024\/wp-json\/wp\/v2\/pages\/308\/revisions\/313"}],"wp:featuredmedia":[{"embeddable":true,"href":"https:\/\/wticifes.com.br\/2024\/wp-json\/wp\/v2\/media\/93"}],"wp:attachment":[{"href":"https:\/\/wticifes.com.br\/2024\/wp-json\/wp\/v2\/media?parent=308"}],"curies":[{"name":"wp","href":"https:\/\/api.w.org\/{rel}","templated":true}]}}

WTICIFES | São Paulo 2024

<p>O Workshop de Tecnologia de Informação e Comunicação das Instituições Federais de Ensino Superior do Brasil (WTICIFES) é um evento promovido pelo Colégio de Gestores de Tecnologia de Comunicação (CGTIC) das Instituições Federais de Ensino Superior (IFES) e ao longo das edições se consolidou na agenda dos gestores e técnicos de TIC dessas entidades. </p>



<p>O WTICIFES é um evento específico, direcionado aos órgãos de TIC das IFES. Sendo assim, é uma oportunidade imperdível, não só para atualização sobre tendências e novas soluções disponíveis no mercado, como também de intercâmbio de informações e troca de experiências por entidades parceiras, que enfrentam missões e realidades muito semelhantes. </p>



<p>Em 2024, será nossa 16 Edição e pela primeira vez sediada em na cidade de São Paulo. </p>



<p>O tema escolhido para esse ano é &#8220;<strong>Estratégias de TI para a Reconstrução e Inclusão nas IFES</strong>”, cujo objetivo é discutir as possibilidades de utilização das Tecnologias da Informação e Comunicação (TIC) para a reconstrução e inclusão das Instituições Federais de Ensino Superior (IFES) para que possam se adaptar às mudanças do mundo moderno e oferecer educação de qualidade a todos os cidadãos. </p>



<p>O evento é uma oportunidade importante para discutir e compartilhar experiências sobre como as TIC podem ser usadas para apoiar a reconstrução e a inclusão nas IFES. </p>



<p>O desenvolvimento e a implementação de estratégias de TI para a reconstrução e a inclusão nas IFES são um desafio, mas são essenciais para que essas instituições possam cumprir sua missão de oferecer educação de qualidade a todos os cidadãos.</p>



<p>De forma inédita o evento será realizado sob a coordenação das Universidades popularmente conhecida como as “Federais Paulistas”, os gestores de TIC das três universidades se uniram para o desenvolvimento desse importante evento.</p>



<p>A coordenação está sob responsabilidade de:</p>



<ul class="wp-block-list">
<li>Lidiane Cristina da Silva (UNIFESP)</li>



<li>Paulo Victor Fernandes da Silva (UFABC)</li>



<li>Erick Lazaro Melo (UFSCar)</li>
</ul>



<p>Além disso, participam de comitê organizador o presidente e vice-presidente do Colégio de Gestores de TIC das IFES (Andifes), Andrés Ignácio Martínez Menéndez e Luciano Gonda.</p>

<p>Estratégias de TI para a Reconstrução e Inclusão nas IFES</p>
