{"id":298,"date":"2024-05-04T15:40:56","date_gmt":"2024-05-04T18:40:56","guid":{"rendered":"https:\/\/wticifes.com.br\/2024\/?page_id=298"},"modified":"2024-05-12T19:34:32","modified_gmt":"2024-05-12T22:34:32","slug":"submissao-de-trabalhos","status":"publish","type":"page","link":"https:\/\/wticifes.com.br\/2024\/submissao-de-trabalhos\/","title":{"rendered":"Submiss\u00e3o de trabalhos"},"content":{"rendered":"\n<p>A chamada de trabalhos \u00e9 um convite a toda a comunidade de Tecnologia da Informa\u00e7\u00e3o e Comunica\u00e7\u00e3o e Escrit\u00f3rio de Processos das IFES a submeterem seus trabalhos de pesquisa, de desenvolvimento e de resultados experimentais das a\u00e7\u00f5es desenvolvidas nas IFES, para viabilizar a troca de experi\u00eancias e boas pr\u00e1ticas de TIC e Processos.<\/p>\n\n\n\n<p>Convidamos a&nbsp;comunidade a submeter seus trabalhos com resultados de implementa\u00e7\u00e3o nas IFES, abrangendo um ou mais dos seguintes temas:<\/p>\n\n\n\n<ul class=\"wp-block-list\">\n<li>Seguran\u00e7a da Informa\u00e7\u00e3o e Gest\u00e3o da Privacidade<\/li>\n\n\n\n<li>Gest\u00e3o, Governan\u00e7a de TI, Gest\u00e3o de Riscos e compliance<\/li>\n\n\n\n<li>Sistemas de Informa\u00e7\u00e3o<\/li>\n\n\n\n<li>Infraestrutura Computacional, Conectividade, redes de computadores<\/li>\n\n\n\n<li>Inova\u00e7\u00e3o e Transforma\u00e7\u00e3o Digital<\/li>\n\n\n\n<li>Gest\u00e3o por Processo: metodologias, governan\u00e7a de processos e aplica\u00e7\u00f5es pr\u00e1ticas<\/li>\n\n\n\n<li>Gest\u00e3o de Projetos de TI<\/li>\n\n\n\n<li>Metodologias de PGD e Teletrabalho<\/li>\n\n\n\n<li>Inova\u00e7\u00e3o e Tecnologias Emergentes (IA, Automa\u00e7\u00e3o)<\/li>\n<\/ul>\n\n\n\n<h3 class=\"wp-block-heading\">Instru\u00e7\u00f5es para Submiss\u00e3o dos Artigos<\/h3>\n\n\n\n<p>Recomendamos a seguinte estrutura para o artigo:<\/p>\n\n\n\n<ol class=\"wp-block-list\">\n<li>Resumo, palavras-chave<\/li>\n\n\n\n<li>Introdu\u00e7\u00e3o<\/li>\n\n\n\n<li>M\u00e9todos<\/li>\n\n\n\n<li>Resultados e discuss\u00e3o<\/li>\n\n\n\n<li>Conclus\u00f5es<\/li>\n\n\n\n<li>Refer\u00eancias<\/li>\n<\/ol>\n\n\n\n<ul class=\"wp-block-list\">\n<li>Devem estar de acordo com o padr\u00e3o do evento \u2013&nbsp;<a href=\"https:\/\/drive.google.com\/drive\/folders\/1WAc6RCsMGxR5JpbuH0wxdm3e4WoaN74F?usp=drive_link\" target=\"_blank\" rel=\"noreferrer noopener\"><strong>clique para baixar os templates<\/strong><\/a><\/li>\n\n\n\n<li>Deve ser escrito em portugu\u00eas<\/li>\n\n\n\n<li>Deve conter entre 3 a 5 p\u00e1ginas<\/li>\n\n\n\n<li>Deve ser submetido no formato PDF e DOC\/ODT no sistema do evento &#8211;&nbsp;<a href=\"https:\/\/wticifes.com.br\/\" target=\"_blank\" rel=\"noreferrer noopener\">https:\/\/wticifes.com.br\/<\/a><\/li>\n<\/ul>\n\n\n\n<p>Para submeter seu trabalho, voc\u00ea deve se <strong>inscrever<\/strong> <strong>no evento<\/strong>. Para isso, clique no widget no canto inferior esquerdo no bot\u00e3o &#8220;INSCREVA-SE AQUI&#8221;. Fa\u00e7a a inscri\u00e7\u00e3o e acesse o painel do participante. Em seguida, clique em submiss\u00e3o de trabalhos e preencha os campos, bem como fa\u00e7a o upload do artigo no formato PDF. Voc\u00ea tamb\u00e9m deve submeter o &#8220;Termo de autoriza\u00e7\u00e3o de publica\u00e7\u00e3o&#8221; e a &#8220;Declara\u00e7\u00e3o de compromisso anti-pl\u00e1gio&#8221; preenchidos e assinados. Os modelos dos documentos est\u00e3o dispon\u00edveis <a href=\"https:\/\/drive.google.com\/drive\/folders\/1WAc6RCsMGxR5JpbuH0wxdm3e4WoaN74F?usp=drive_link\" target=\"_blank\" rel=\"noreferrer noopener\"><strong>nesse link<\/strong><\/a>.<\/p>\n\n\n\n<h3 class=\"wp-block-heading pb-4\">Cr\u00edt\u00e9rios de Avalia\u00e7\u00e3o<\/h3>\n\n\n\n<p>Os trabalhos ser\u00e3o avaliados por pares e selecionados pelo Comit\u00ea Cient\u00edfico observando os seguintes crit\u00e9rios:<\/p>\n\n\n\n<ol class=\"wp-block-list\">\n<li>Dever\u00e3o ser casos e experi\u00eancias de implementa\u00e7\u00e3o j\u00e1 executadas nas \u00e1reas de TI nas Universidades Federais vinculadas a ANDIFES.<\/li>\n\n\n\n<li>Relev\u00e2ncia (enquadramento do artigo)<\/li>\n\n\n\n<li>Originalidade<\/li>\n\n\n\n<li>M\u00e9rito t\u00e9cnico<\/li>\n\n\n\n<li>Apresenta\u00e7\u00e3o (conte\u00fado com forma)<\/li>\n\n\n\n<li>Organiza\u00e7\u00e3o<\/li>\n\n\n\n<li>Impacto social e nas universidades<\/li>\n<\/ol>\n\n\n\n<ul class=\"wp-block-list\">\n<li>Os melhores artigos avaliados ser\u00e3o premiados ao final do evento. Ser\u00e1 considerado para premia\u00e7\u00e3o a avalia\u00e7\u00e3o do artigo e da apresenta\u00e7\u00e3o no evento.<\/li>\n\n\n\n<li>Os trabalhos dever\u00e3o ser apresentados, presencialmente, durante o evento em sess\u00f5es t\u00e9cnicas ou p\u00f4steres, como parte da programa\u00e7\u00e3o do evento.<br>Em caso de d\u00favidas, entrar em contato com o comit\u00ea ci\u00eant\u00edfico pelo email&nbsp;<a href=\"http:\/\/wticifes@unifesp.br\/\" target=\"_blank\" rel=\"noreferrer noopener\"><strong>wticifes@unifesp.br<\/strong><\/a><\/li>\n<\/ul>\n","protected":false},"excerpt":{"rendered":"<p>Este texto funciona como uma esp\u00e9cie de subt\u00edtulo para a p\u00e1gina ou post<\/p>\n","protected":false},"author":1,"featured_media":0,"parent":0,"menu_order":0,"comment_status":"closed","ping_status":"closed","template":"","meta":{"_eb_attr":"","footnotes":""},"class_list":["post-298","page","type-page","status-publish","hentry"],"_links":{"self":[{"href":"https:\/\/wticifes.com.br\/2024\/wp-json\/wp\/v2\/pages\/298","targetHints":{"allow":["GET"]}}],"collection":[{"href":"https:\/\/wticifes.com.br\/2024\/wp-json\/wp\/v2\/pages"}],"about":[{"href":"https:\/\/wticifes.com.br\/2024\/wp-json\/wp\/v2\/types\/page"}],"author":[{"embeddable":true,"href":"https:\/\/wticifes.com.br\/2024\/wp-json\/wp\/v2\/users\/1"}],"replies":[{"embeddable":true,"href":"https:\/\/wticifes.com.br\/2024\/wp-json\/wp\/v2\/comments?post=298"}],"version-history":[{"count":14,"href":"https:\/\/wticifes.com.br\/2024\/wp-json\/wp\/v2\/pages\/298\/revisions"}],"predecessor-version":[{"id":445,"href":"https:\/\/wticifes.com.br\/2024\/wp-json\/wp\/v2\/pages\/298\/revisions\/445"}],"wp:attachment":[{"href":"https:\/\/wticifes.com.br\/2024\/wp-json\/wp\/v2\/media?parent=298"}],"curies":[{"name":"wp","href":"https:\/\/api.w.org\/{rel}","templated":true}]}}

Submissão de trabalhos

<p>A chamada de trabalhos é um convite a toda a comunidade de Tecnologia da Informação e Comunicação e Escritório de Processos das IFES a submeterem seus trabalhos de pesquisa, de desenvolvimento e de resultados experimentais das ações desenvolvidas nas IFES, para viabilizar a troca de experiências e boas práticas de TIC e Processos.</p>



<p>Convidamos a&nbsp;comunidade a submeter seus trabalhos com resultados de implementação nas IFES, abrangendo um ou mais dos seguintes temas:</p>



<ul class="wp-block-list">
<li>Segurança da Informação e Gestão da Privacidade</li>



<li>Gestão, Governança de TI, Gestão de Riscos e compliance</li>



<li>Sistemas de Informação</li>



<li>Infraestrutura Computacional, Conectividade, redes de computadores</li>



<li>Inovação e Transformação Digital</li>



<li>Gestão por Processo: metodologias, governança de processos e aplicações práticas</li>



<li>Gestão de Projetos de TI</li>



<li>Metodologias de PGD e Teletrabalho</li>



<li>Inovação e Tecnologias Emergentes (IA, Automação)</li>
</ul>



<h3 class="wp-block-heading">Instruções para Submissão dos Artigos</h3>



<p>Recomendamos a seguinte estrutura para o artigo:</p>



<ol class="wp-block-list">
<li>Resumo, palavras-chave</li>



<li>Introdução</li>



<li>Métodos</li>



<li>Resultados e discussão</li>



<li>Conclusões</li>



<li>Referências</li>
</ol>



<ul class="wp-block-list">
<li>Devem estar de acordo com o padrão do evento –&nbsp;<a href="https://drive.google.com/drive/folders/1WAc6RCsMGxR5JpbuH0wxdm3e4WoaN74F?usp=drive_link" target="_blank" rel="noreferrer noopener"><strong>clique para baixar os templates</strong></a></li>



<li>Deve ser escrito em português</li>



<li>Deve conter entre 3 a 5 páginas</li>



<li>Deve ser submetido no formato PDF e DOC/ODT no sistema do evento &#8211;&nbsp;<a href="https://wticifes.com.br/" target="_blank" rel="noreferrer noopener">https://wticifes.com.br/</a></li>
</ul>



<p>Para submeter seu trabalho, você deve se <strong>inscrever</strong> <strong>no evento</strong>. Para isso, clique no widget no canto inferior esquerdo no botão &#8220;INSCREVA-SE AQUI&#8221;. Faça a inscrição e acesse o painel do participante. Em seguida, clique em submissão de trabalhos e preencha os campos, bem como faça o upload do artigo no formato PDF. Você também deve submeter o &#8220;Termo de autorização de publicação&#8221; e a &#8220;Declaração de compromisso anti-plágio&#8221; preenchidos e assinados. Os modelos dos documentos estão disponíveis <a href="https://drive.google.com/drive/folders/1WAc6RCsMGxR5JpbuH0wxdm3e4WoaN74F?usp=drive_link" target="_blank" rel="noreferrer noopener"><strong>nesse link</strong></a>.</p>



<h3 class="wp-block-heading pb-4">Crítérios de Avaliação</h3>



<p>Os trabalhos serão avaliados por pares e selecionados pelo Comitê Científico observando os seguintes critérios:</p>



<ol class="wp-block-list">
<li>Deverão ser casos e experiências de implementação já executadas nas áreas de TI nas Universidades Federais vinculadas a ANDIFES.</li>



<li>Relevância (enquadramento do artigo)</li>



<li>Originalidade</li>



<li>Mérito técnico</li>



<li>Apresentação (conteúdo com forma)</li>



<li>Organização</li>



<li>Impacto social e nas universidades</li>
</ol>



<ul class="wp-block-list">
<li>Os melhores artigos avaliados serão premiados ao final do evento. Será considerado para premiação a avaliação do artigo e da apresentação no evento.</li>



<li>Os trabalhos deverão ser apresentados, presencialmente, durante o evento em sessões técnicas ou pôsteres, como parte da programação do evento.<br>Em caso de dúvidas, entrar em contato com o comitê ciêntífico pelo email&nbsp;<a href="http://wticifes@unifesp.br/" target="_blank" rel="noreferrer noopener"><strong>wticifes@unifesp.br</strong></a></li>
</ul>

<p>Este texto funciona como uma espécie de subtítulo para a página ou post</p>
